 - 67. Suppose -6*g + h = -4*g. Calculate the greatest common divisor of g and l.
2
Let q(p) = 14*p + 24. Let x be q(5). Let c = x + 130. Suppose 76*l = 81*l - 140. Calculate the greatest common factor of c and l.
28
Let z = 41 - 19. Suppose 88*d - 54*d + 87*d - 66550 = 0. What is the greatest common divisor of z and d?
22
Let t = 43 + -22. Let x be 308/(-7) + (-802)/(-2). Calculate the greatest common factor of t and x.
21
Suppose -3*b + 40422 = d, 0 = -5*b + 5*d + 60404 + 7006. What is the highest common divisor of b and 24?
12
Suppose 0 = -h - 3*a + 42, 2*h + 447*a - 449*a - 84 = 0. Let n be 15*28*3/15. Calculate the highest common divisor of h and n.
42
Let s be ((-2)/3)/((-10409)/(-2604) + -4). Suppose s = 5*o - 137. Calculate the highest common divisor of o and 77.
77
Let o be (-1 - 2)/(9/(-39)). Let c = o - 2. Let s be 2/c - (-9840)/88. What is the highest common divisor of s and 16?
16
Let j(p) = -30*p + 2185. Let h be j(67). Calculate the greatest common factor of h and 210.
35
Let m be (-17)/((-34)/(-208))*6/(-8). Let h be (3 - -1)*(m/12 - 6). Let d be (-1)/(h*(-1)/96). Calculate the greatest common factor of d and 192.
48
Let y = 519 + -273. Let f be -5*((-9114)/(-155))/(-49). Calculate the greatest common divisor of f and y.
6
Let q = -38 - -16. Let p(g) = 24*g + 20. Let r(c) = 25*c + 16. Let s(j) = -3*p(j) + 2*r(j). Let z be s(q). Calculate the highest common factor of z and 57.
57
Suppose -147*s = 138*s - 249660. What is the highest common divisor of 12 and s?
12
Suppose 0 = 2*y + h - 331, 668 = -29*y + 33*y + 4*h. Let z(n) = -n**2 + 36*n - 21. Let s be z(14). What is the greatest common divisor of s and y?
41
Let y be 6/(-2 + -1) + (-23)/((-598)/78416). What is the highest common divisor of y and 44?
22
Suppose 13617 + 11604 = w - 3*q, -100836 = -4*w - 4*q. Calculate the highest common factor of w and 132.
132
Let i(p) = p**2 - 28*p - 92. Suppose -4*m - 4 = 0, -106 = -5*h - 5*m + 129. Let c be i(h). What is the highest common divisor of 14 and c?
14
Suppose 5*h - 96 = 289. What is the highest common factor of h and 759?
11
Suppose -62*g - 27*g = -20*g - 136344. Calculate the highest common factor of 104 and g.
104
Let x(s) = 121*s - 822. Let p be x(7). What is the greatest common factor of p and 29?
1
Let h(x) = 6*x**2 - 57*x - 11. Let m be h(-5). What is the greatest common factor of 3127 and m?
53
Suppose 4667 = 62*i - 5315. Calculate the greatest common divisor of 92 and i.
23
Let a = -5 + 5. Let z be a*(2 - 9/6). Suppose z*f - 2*f = -144. Calculate the highest common factor of 36 and f.
36
Let p be (-6)/(-21) - (-225)/21. Suppose -128 = -7*i - 16. Suppose 0 = 2*k - k - 5*j - i, j = 5*k - 56. Calculate the highest common divisor of p and k.
11
Let y be ((-5264)/(-24))/((-9)/(-54)) + 5 + -1. Calculate the greatest common factor of y and 72.
24
Suppose z + 3*q + q - 24 = 0, -4*z = 5*q - 41. Suppose 6*p - p = z*g - 587, -2*p = 5*g - 709. Calculate the highest common divisor of g and 13.
13
Let j be 9/6*-4 - -233. Calculate the greatest common factor of j and 3.
1
Suppose o + 3*b - 3 = 0, 4*o + 4*b + 24 = 5*o. Suppose -16*q = -14*q - o. What is the greatest common factor of q and 54?
6
Suppose -14*j = -41871 - 7479. What is the greatest common factor of j and 30?
15
Let d be 1/3*(2 - 8)*2. Let a be 256/3 - d/(-24)*8. Calculate the highest common divisor of a and 12.
12
Let b(k) = k**2 - 5*k + 4. Let n be b(-10). Let o be 18 + (-4)/3*3. Calculate the greatest common divisor of o and n.
14
Let d = 486 - -792. Suppose -42*h + 24 = -d. Calculate the greatest common divisor of h and 217.
31
Let i be 6/(-21) + (-888)/(-21). Let t = 6053 - 6046. Calculate the greatest common divisor of i and t.
7
Let a(k) = 291*k + 10195. Let t be a(-35). Calculate the greatest common divisor of 13330 and t.
10
Let m be (11/(-2) + 3)*26/(-5). Let t(h) = -h**3 + 17*h**2 - 44*h. Let n be t(m). What is the highest common factor of 52 and n?
52
Let d = 2809 - 2731. What is the highest common divisor of d and 12?
6
Let s(b) = -b**2 - 27*b - 22. Let i(w) = w. Let n(z) = -2*i(z) - s(z). Let o be n(-25). What is the highest common factor of 55 and o?
11
Let d(m) be the second derivative of m**4/6 + m**3/3 - 9*m**2/2 - 8*m - 2. Let b be d(-7). Let l = 62 - 12. Calculate the greatest common divisor of b and l.
25
Let k be 1/((-2)/(-52)*58/2494). Calculate the highest common divisor of k and 26.
26
Suppose 0 = -4*m - 22 + 94. Let z = -311 + 313. Calculate the highest common factor of z and m.
2
Let g be (-1820)/210*6/(-4). Suppose -19*x + 538 = -g. Let h = 223 - 20. Calculate the greatest common divisor of h and x.
29
Let p be 0 - (3 + (-8 - -8)) - -803. What is the highest common divisor of 1 and p?
1
Suppose -s + 41 + 20 = 0. Let h = s - -155. Let l = h - 152. Calculate the greatest common factor of 8 and l.
8
Suppose 0 = -2*o - 3*k + 30906, -3*o - 43*k + 46314 = -46*k. Calculate the greatest common divisor of o and 117.
117
Let c = 7677 + 4875. What is the greatest common divisor of 12 and c?
12
Suppose 4*d = 2*c + 668, 835 = 5*d + 2*c - 5*c. Let z = 185 - d. What is the highest common factor of 342 and z?
18
Let v be 144/39*2678/309. Calculate the highest common factor of 508 and v.
4
Let w = 123 + -55. Let s = w + -52. Suppose -2*v - 16 = -6*v. What is the greatest common divisor of v and s?
4
Let z be (-106 + 0)*(4/(-8))/1. Suppose -16 = -d - o, -4*o - z = 2*d - 7*d. Let u be 197/d - (-28)/(-182). What is the greatest common factor of u and 105?
15
Suppose 8*w = -17*w + 9625. Calculate the highest common factor of 315 and w.
35
Let y(s) = -18*s**2 - 1156*s + 9. Let d be y(-64). Calculate the greatest common divisor of 5 and d.
5
Let l = -16460 - -18357. What is the highest common factor of 542 and l?
271
Suppose 22*r = -72*r + 21*r + 4672. Calculate the greatest common divisor of r and 384.
64
Let h be 8 + 6630 - 1*-4. What is the highest common divisor of 82 and h?
82
Let n = 109234 - 109176. Suppose 0*a + 1131 = 3*a. What is the highest common factor of n and a?
29
Suppose -5*x - 4*h = 0, 3*h + 11 = 30*x - 31*x. Suppose -3*j - 2*j - x*l + 3734 = 0, -5*l + 2230 = 3*j. Calculate the greatest common factor of 30 and j.
30
Suppose -1213*y + 2425*y - 54 = 1203*y. Suppose -3*r - 5*a = -129, 4*a = -0*r - 5*r + 228. Calculate the greatest common divisor of r and y.
6
Let b(k) = -6*k + 7. Let r be b(-5). Let l = 2676 + -1380. Let m = l + -889. What is the greatest common divisor of m and r?
37
Let p = -3648 + 3942. Calculate the highest common divisor of 2499 and p.
147
Let o be (48 - -20)/((-52)/18 - 15/(-5)). What is the highest common factor of 459 and o?
153
Suppose 44059 - 9144 = 5*o - 5*t, 5*t = -4*o + 27950. What is the greatest common factor of 55 and o?
55
Suppose -4*m = -16*w + 816, -4*m - 161 = -2*w - 59. Calculate the highest common factor of w and 1394.
17
Let w = -5863 + 6045. What is the greatest common factor of w and 598?
26
Suppose -128*j + 410 - 69 = -127*j. What is the highest common factor of j and 99?
11
Let k(a) be the third derivative of a**5/30 - a**4/24 - 3*a**3/2 - 184*a**2. Let x be k(6). Calculate the highest common divisor of 361 and x.
19
Suppose 0 = -t - 8*t + 738. Let c = -1094 + -15. Let o be c/(-9) - (-22)/(-99). Calculate the highest common factor of o and t.
41
Let n be (-7)/(-189)*18*54. What is the highest common factor of n and 6462?
18
Let l = -17 + 19. Let n be (22/4 + -5)/(l/4). Let j be 231/((-3)/(-1))*n. Calculate the greatest common divisor of 7 and j.
7
Let n = -121 - -220. Let s(i) = -i**3 + 2*i**2 + 30*i + 22. Let u be s(0). Calculate the greatest common factor of n and u.
11
Let d(i) = 2284*i - 5939. Let b be d(3). What is the greatest common factor of b and 550?
11
Suppose 10*n + 2784 = -1386. Let q = 426 + n. Calculate the greatest common divisor of 477 and q.
9
Let a(t) = t**3 + 6*t**2 + 3*t - 100. Let o be a(9). Suppose o - 386 = 7*n. Calculate the greatest common divisor of 60 and n.
12
Let y(s) = s**3 + 10*s**2 + 13*s + 15. Let w = -79 - -70. Let l be y(w). Let h = 77 + l. Calculate the greatest common divisor of 28 and h.
28
Let h be 2/11 - 1/(22/4). Suppose 2*u + 7 - 1 = h, 3*j + 2*u = 0. Suppose 5*x - 5 = -0. Calculate the highest common divisor of j and x.
1
Let b(t) = -3*t + 31. Let f be b(4). Let y(